re the prime factors of 152860?
2, 5, 7643
What are the prime factors of 951612?
2, 3, 79301
What are the prime factors of 3722606?
2, 1861303
List the prime factors of 9353599.
31, 53, 5693
List the prime factors of 192490.
2, 5, 19249
List the prime factors of 1911010.
2, 5, 41, 59, 79
List the prime factors of 197180.
2, 5, 9859
List the prime factors of 13035974.
2, 7, 17, 54773
What are the prime factors of 35479?
17, 2087
What are the prime factors of 751981?
41, 18341
List the prime factors of 655792.
2, 17, 2411
What are the prime factors of 17389091?
17389091
List the prime factors of 26717698.
2, 7, 1908407
What are the prime factors of 20921155?
5, 449, 9319
List the prime factors of 410073.
3, 136691
List the prime factors of 287675.
5, 37, 311
List the prime factors of 520810.
2, 5, 52081
List the prime factors of 3570732.
2, 3, 11, 71, 127
List the prime factors of 592415.
5, 109, 1087
List the prime factors of 485206.
2, 242603
List the prime factors of 275336.
2, 127, 271
List the prime factors of 15221869.
13, 19, 61627
What are the prime factors of 9194?
2, 4597
What are the prime factors of 3809934?
2, 3, 211663
What are the prime factors of 207710?
2, 5, 20771
What are the prime factors of 1550359?
1550359
List the prime factors of 1137.
3, 379
What are the prime factors of 144510?
2, 3, 5, 4817
What are the prime factors of 1645752?
2, 3, 47, 1459
List the prime factors of 271493.
83, 3271
What are the prime factors of 5446174?
2, 53, 191, 269
What are the prime factors of 18944156?
2, 7, 11, 61507
What are the prime factors of 1789603?
1789603
What are the prime factors of 539412?
2, 3, 79, 569
List the prime factors of 29308346.
2, 67, 218719
List the prime factors of 533176.
2, 7, 9521
List the prime factors of 289271.
23, 12577
List the prime factors of 214221.
3, 7, 101
What are the prime factors of 893224?
2, 111653
List the prime factors of 22849675.
5, 131, 6977
List the prime factors of 8608120.
2, 5, 17, 12659
What are the prime factors of 892703?
7, 127529
List the prime factors of 226222.
2, 113111
List the prime factors of 482807.
13, 37139
List the prime factors of 439279.
439279
What are the prime factors of 13029571?
13029571
What are the prime factors of 2906919?
3, 173, 1867
What are the prime factors of 407976?
2, 3, 89, 191
What are the prime factors of 79796?
2, 19949
What are the prime factors of 1154456?
2, 144307
What are the prime factors of 1883566?
2, 17, 55399
List the prime factors of 5554845.
3, 5, 23, 1789
What are the prime factors of 1519621?
331, 4591
List the prime factors of 667302.
2, 3, 111217
What are the prime factors of 189967?
189967
What are the prime factors of 78527?
19, 4133
What are the prime factors of 478405?
5, 163, 587
What are the prime factors of 22382032?
2, 457, 3061
List the prime factors of 14144224.
2, 442007
List the prime factors of 12569881.
2357, 5333
What are the prime factors of 90045?
3, 5, 23, 29
List the prime factors of 475821.
3, 17623
What are the prime factors of 135798?
2, 3, 13, 1741
List the prime factors of 291547.
291547
List the prime factors of 174071.
174071
What are the prime factors of 233562?
2, 3, 7, 67, 83
What are the prime factors of 710956?
2, 177739
What are the prime factors of 795598?
2, 397799
List the prime factors of 21695985.
3, 5, 160711
What are the prime factors of 671844?
2, 3, 55987
List the prime factors of 235051.
235051
List the prime factors of 920263.
920263
What are the prime factors of 10553243?
17, 569, 1091
List the prime factors of 1601282.
2, 19, 42139
List the prime factors of 11539733.
11539733
List the prime factors of 390429.
3, 13, 47, 71
What are the prime factors of 14073998?
2, 2383, 2953
What are the prime factors of 264368?
2, 13, 31, 41
What are the prime factors of 699608?
2, 7, 13, 31
What are the prime factors of 3186840?
2, 3, 5, 26557
What are the prime factors of 842252?
2, 193, 1091
What are the prime factors of 1564995?
3, 5, 101, 1033
List the prime factors of 2156866.
2, 157, 6869
What are the prime factors of 23881744?
2, 61, 24469
List the prime factors of 115970.
2, 5, 11597
What are the prime factors of 929553?
3, 309851
List the prime factors of 35919762.
2, 3, 31, 113, 1709
List the prime factors of 4114905.
3, 5, 397, 691
What are the prime factors of 3386405?
5, 11, 23, 2677
What are the prime factors of 21007920?
2, 3, 5, 17, 19, 271
List the prime factors of 8442705.
3, 5, 61, 9227
What are the prime factors of 5311207?
11, 482837
List the prime factors of 1308893.
317, 4129
What are the prime factors of 16857749?
16857749
List the prime factors of 862174.
2, 37, 61, 191
What are the prime factors of 50650?
2, 5, 1013
What are the prime factors of 13864319?
7, 19, 104243
List the prime factors of 8863940.
2, 5, 163, 2719
What are the prime factors of 5535314?
2, 2767657
List the prime factors of 7042573.
17, 414269
What are the prime factors of 685858?
2, 342929
List the prime factors of 1650716.
2, 563, 733
List the prime factors of 3627188.
2, 17, 41, 1301
What are the prime factors of 353389?
353389
List the prime factors of 28191664.
2, 1031, 1709
List the prime factors of 6736769.
13, 23, 22531
What are the prime factors of 344150?
2, 5, 6883
List the prime factors of 1214378.
2, 11, 17, 191
What are the prime factors of 85765?
5, 17, 1009
What are the prime factors of 1062207?
3, 39341
What are the prime factors of 51051?
3, 7, 11, 13, 17
List the prime factors of 618680.
2, 5, 15467
List the prime factors of 1328661.
3, 147629
List the prime factors of 395829.
3, 7, 61, 103
What are the prime factors of 199998?
2, 3, 41, 271
List the prime factors of 2010713.
19, 97, 1091
List the prime factors of 3386030.
2, 5, 571, 593
List the prime factors of 25738983.
3, 43, 66509
What are the prime factors of 97076?
2, 7, 3467
List the prime factors of 269284.
2, 23, 2927
List the prime factors of 8496806.
2, 67, 63409
What are the prime factors of 2665477?
29, 107, 859
List the prime factors of 342910.
2, 5, 53, 647
What are the prime factors of 4969009?
719, 6911
What are the prime factors of 7237661?
7237661
What are the prime factors of 1878184?
2, 7, 11, 3049
List the prime factors of 9436867.
11, 857897
List the prime factors of 715457.
715457
List the prime factors of 1667027.
67, 139, 179
List the prime factors of 585602.
2, 292801
What are the prime factors of 1833780?
2, 3, 5, 13, 2351
List the prime factors of 389978.
2, 194989
What are the prime factors of 506132?
2, 11, 11503
List the prime factors of 86695.
5, 7, 2477
What are the prime factors of 6469716?
2, 3, 11, 23, 2131
List the prime factors of 1150180.
2, 5, 131, 439
What are the prime factors of 7415830?
2, 5, 293, 2531
List the prime factors of 175204.
2, 43801
List the prime factors of 525983.
525983
List the prime factors of 7753463.
19, 408077
What are the prime factors of 46827?
3, 11, 43
List the prime factors of 26405277.
3, 131, 67189
List the prime factors of 2942323.
2942323
What are the prime factors of 21329230?
2, 5, 13, 164071
List the prime factors of 7647367.
7, 13, 19, 4423
List the prime factors of 32052959.
32052959
List the prime factors of 7599518.
2, 3799759
What are the prime factors of 9535?
5, 1907
List the prime factors of 13153536.
2, 3, 11, 173
What are the prime factors of 30311982?
2, 3, 187111
List the prime factors of 20307298.
2, 11, 23, 67, 599
What are the prime factors of 6368484?
2, 3, 67, 89
What are the prime factors of 1283412?
2, 3, 13, 19, 433
What are the prime factors of 5622303?
3, 1874101
What are the prime factors of 724431?
3, 23, 10499
List the prime factors of 2794659.
3, 7, 73, 1823
List the prime factors of 1496739.
3, 83, 6011
What are the prime factors of 23450?
2, 5, 7, 67
List the prime factors of 8103602.
2, 13, 311677
List the prime factors of 223670.
2, 5, 22367
List the prime factors of 87586.
2, 43793
What are the prime factors of 5321633?
5321633
What are the prime factors of 165858?
2, 3, 7, 11, 359
List the prime factors of 5576793.
3, 1858931
What are the prime factors of 1731338?
2, 7, 123667
What are the prime factors of 793663?
13, 61051
List the prime factors of 96329.
96329
What are the prime factors of 232307?
232307
What are the prime factor